u = 11 + 4. Suppose -r*n + 72 = 2*d + 14, 0 = 3*d + u. What is the remainder when 33 is divided by n?
16
Let l(s) = s**2 + s - 1. Let m be l(-3). Suppose -3*a - 68 = -5*t, 6*a - 12 = -t + m*a. Calculate the remainder when 37 is divided by t.
11
Let t(j) = -j**2 + 17*j - 8. What is the remainder when t(7) is divided by 33?
29
Let h = 131 + -68. What is the remainder when h is divided by (-1)/4 + 178/8?
19
Suppose -5*z - 10 = -90. Let q be (3 - -181) + 0/1. Suppose 2*u + q = 6*u. Calculate the remainder when u is divided by z.
14
Suppose 3*r - r = 148. Suppose 5*o = 101 + r. Suppose 2*p + 31 = 3*g - 3*p, 2*g + p = 25. What is the remainder when o is divided by g?
11
Let r = 92 + -54. What is the remainder when 225 is divided by r?
35
Let z(h) = h**3 + 4*h**2 - 4*h - 2. Let x = -10 - -6. What is the remainder when 26 is divided by z(x)?
12
Let d = -15 - -11. Let s be ((-2)/d)/((-2)/76). Calculate the remainder when 19 is divided by (-4)/(-6) + s/(-3).
5
Let j = -8 + 16. Let h = j + -3. Suppose -u = h*y - 74, 2*y + 78 = 7*y - 3*u. What is the remainder when y is divided by 8?
7
Suppose 10*k + 82 = 12*k. What is the remainder when k is divided by 14?
13
Let m(h) = 16*h - 6. Calculate the remainder when 49 is divided by m(2).
23
Let f(i) = -i**3 + 12*i**2 - 12*i + 11. Let x be f(11). Suppose 38 = -x*l + l. What is the remainder when l is divided by 13?
12
Let n(h) = 3*h**2 - 3*h + 2. What is the remainder when n(5) is divided by 16?
14
Suppose 0 = -5*k + 2*k + 15. Calculate the remainder when 18 is divided by k.
3
Let i(r) = r**3 - r**2 - r + 5. Let n be i(0). Suppose -28 = -n*y + 142. Let d = y + -18. What is the remainder when 46 is divided by d?
14
Let r = 11 - -2. What is the remainder when (r/((-39)/306))/(-1) is divided by 26?
24
Let m = 36 + -20. Suppose -b = -5*h - 88, -h - 64 = -3*b + 130. Calculate the remainder when b is divided by m.
15
Suppose 0 = -2*m + 5*f - 20, 3*f = -m + 15 - 3. Let b = 12 - 7. Suppose -60 + m = -b*x. What is the remainder when 23 is divided by x?
11
Let f = 66 + -61. Calculate the remainder when 12 is divided by f.
2
Suppose 12*r - 102 = 9*r. Suppose -6*d + 2*d = 84. Let v = d + r. Calculate the remainder when 24 is divided by v.
11
Suppose 3*l - n - 17 = 0, 5*l - 19 + 0 = -3*n. Suppose -19 = -2*f + 3*q + 2*q, 4*f - 83 = -5*q. Calculate the remainder when f is divided by l.
2
Suppose -x + 5 = 2. Suppose 2*u + 55 = 7*u. What is the remainder when u is divided by x?
2
Calculate the remainder when (-10)/35 + (-550)/(-14) is divided by 21.
18
Suppose 3*b - 5 = -2*i, 0 = -0*i + 5*i + 10. Calculate the remainder when b is divided by 3.
0
Suppose 0 = 5*l + 4*w - 0*w - 35, -5*w = 25. Suppose -o = 5 - 9. What is the remainder when l is divided by o?
3
Suppose s - 39 = 3*w, -6*w = s - w - 31. Suppose -v + 103 = -p, -5*v + 4*p + 445 = -73. Calculate the remainder when v is divided by s.
34
Suppose 4*p + 36 = 5*s, -3*s + 11 = -5*p - 21. What is the remainder when 5 is divided by s?
1
Let z be (-268)/(-6) + (-2)/(-6). Let k = -17 + 53. Calculate the remainder when (-9)/z - k/(-5) is divided by 3.
1
Let d = -7 + 13. Calculate the remainder when (-1 + 2)*-1 + 37 + -13 is divided by d.
5
Let s = 29 + -4. What is the remainder when s is divided by -4*68/(-16) + -4?
12
Calculate the remainder when 17 is divided by (20/(-50))/((-1)/30).
5
Suppose -2*u + 55 = 3*u. Suppose 2*i = -2*g + 30, 2*i + 47 = 4*g + u. Calculate the remainder when 31 is divided by g.
9
Let q(o) = -o**3 - o**2 + 19*o + 7. Calculate the remainder when q(-5) is divided by 5.
2
Let a(b) = -b**3 + 13*b**2 + 7. What is the remainder when 19 is divided by a(13)?
5
Let c(a) = 135*a**2 + a + 2. Calculate the remainder when c(-1) is divided by 23.
21
Let h be (-6 - 0 - -4)*-34. Let c = h - 32. Calculate the remainder when c is divided by 10.
6
Let s = 10 + -4. Suppose 0 = -r + 10 + s. Calculate the remainder when 30 is divided by r.
14
Let k = -36 - -59. Suppose 2*h = 4*n - 2*h - 272, 197 = 3*n + 4*h. What is the remainder when n is divided by k?
21
Let n be 1 + -2 - (-2 - 1). Suppose 3*b - 24 = -n*g, -4*b - 4*g = b - 40. Calculate the remainder when 13 is divided by b.
5
Let z(a) = a**3 + 5*a**2 - 8*a + 7. Calculate the remainder when z(-6) is divided by 8.
3
Suppose -i + 3 = -1, 3*z = -4*i + 55. Calculate the remainder when 35 is divided by z.
9
Let j(x) = x**2 - 2*x - 8. Let l(p) = p**3 - 7*p**2 - 7*p + 8. Let c be l(8). Let v = c - 22. What is the remainder when j(v) is divided by 14?
12
Calculate the remainder when (-1036)/(-26) + 42/273 is divided by 3.
1
Let h(i) = i + 6. Let r be h(-3). What is the remainder when 46 is divided by 6/9*6*r?
10
Suppose -3*g = -0*g + 3. Calculate the remainder when 9 is divided by -1 + 9 + g - 2.
4
Calculate the remainder when 290/8 - (-1 - (-20)/16) is divided by 15.
6
Suppose 126 = 5*z + 81. Calculate the remainder when (-49)/(-2) - 1/(-2) is divided by z.
7
Suppose 11*b + b = 1116. What is the remainder when b is divided by 47?
46
Let a = 5 + -9. Let f(y) = y + 4. Let r be f(-6). What is the remainder when 11 is divided by (a/6)/(r/21)?
4
Suppose 3*o = 5*m + 4*o - 90, 0 = m - 5*o + 8. What is the remainder when 47 is divided by m?
13
Let x(p) = -p**2 - p + 19. Calculate the remainder when x(0) is divided by 7.
5
Suppose -3*m + 116 = 5*t, -3*m = -4*t - 34 - 100. Calculate the remainder when m is divided by 3*4 + (-2)/2.
9
Calculate the remainder when (0 - (1 - -24))*-1 is divided by (2 - 6)*39/(-12).
12
Let g(t) = -t**2 - 12*t. Suppose h - 4 = 0, 5*c + 2*h = 7*h - 70. What is the remainder when 37 is divided by g(c)?
17
Let u(n) = n**2 + n - 5. Suppose 1 + 17 = -2*p. What is the remainder when (-2)/9 - 173/p is divided by u(3)?
5
Let r be 1 - (-3 - -2)/1. Let p be r/(-5) + 103/(-5). Let x = p - -41. What is the remainder when x is divided by 7?
6
Let w = 125 + -48. Let r be 6*((-345)/9)/(-5). Let j = w - r. What is the remainder when j is divided by 16?
15
Let o be 1/(((-8)/(-12))/2). Suppose -12 = o*t - 48. Calculate the remainder when 208/6 - 3/(-9) is divided by t.
11
Let s = 452 - 420. Suppose p + 3*p - 617 = -5*g, -4*g = -4*p - 508. Calculate the remainder when g is divided by s.
29
Suppose 4*k - 2*x - 4 = 0, -3*x - 8 = x. Suppose k = -5*d - 20, 0*d - 3*d - 28 = -4*a. What is the remainder when 7 is divided by a?
3
Suppose 3*p - 2*p - 4*s - 108 = 0, 269 = 3*p - s. What is the remainder when p is divided by 15?
13
Let h be 0/3 + -3 + 4. Let k(w) = -w**3 + w + 1. Calculate the remainder when k(-2) is divided by h/(-1) + 1 + 4.
3
Let b(r) = r**2 - 7*r - 9. Let l = 8 + 1. Let k be b(l). Let a = k - 4. What is the remainder when 14 is divided by a?
4
Let c = 19 - 8. Suppose 383 = -5*b + 543. Calculate the remainder when b is divided by c.
10
Let p(b) = 3*b. Let l be p(-3). Calculate the remainder when 21 is divided by 17/3 + (-3)/l.
3
Let t(z) = -z - 2 + 7*z + 4*z + 0. Suppose d = -4*d + 5*o, -5*d = 3*o - 40. What is the remainder when t(1) is divided by d?
3
Let z(w) = w**3 + 11*w**2 + 18*w + 6. Calculate the remainder when 23 is divided by z(-9).
5
Suppose 50 = 3*r - g, 2*g + 52 = 4*r - r. Suppose 0 = 4*p + k, 4*k - 1 = 5*p + 5*k. What is the remainder when (-93)/p*5/15 is divided by r?
15
Suppose -56 = -u - 2*x, 4*u - u = -2*x + 148. What is the remainder when 179 is divided by u?
41
Suppose -3*b + 38 + 28 = 0. Calculate the remainder when 42 is divided by b.
20
What is the remainder when 1278/24 + 2/(-8) is divided by 142/8 - (-4)/16?
17
Suppose -4*x - o = 4*o - 17, 4*x + 4*o - 12 = 0. What is the remainder when 23 is divided by 1*13 - (-1 - x)?
11
Let l be (-154)/(-4) - 1/2. Suppose -k - 38 - l = -3*j, 5*k = -j + 4. What is the remainder when j is divided by 13?
11
Let c(z) = z**3 - 6*z**2 + z + 2. Let l = -11 - -26. What is the remainder when l is divided by c(6)?
7
Let n = 44 + -25. Suppose -206 - n = -5*h. Suppose -87 = -3*z + h. What is the remainder when z is divided by 15?
14
Let i(j) = j**3 - 2*j**2 - 5*j + 1. Calculate the remainder when i(6) is divided by 40.
35
Suppose 10 = 3*a + 4*d, 7*a = 4*a + 5*d + 28. Let m be (-128)/a + (-6)/9. Let s = m + 39. What is the remainder when 32 is divided by s?
15
Let h(f) = 2*f**2 + 5*f - 2. Let t(s) = -7*s + 3. Calculate the remainder when t(-6) is divided by h(-5).
22
Let o b